3/(-12)). Let y be 92 - (-3*d/(-12) + 5). Calculate the highest common factor of y and q.
8
Let d(m) be the second derivative of 31/2*m**2 + 25*m + 0 - 13/6*m**3. Let l be d(-10). Calculate the highest common divisor of l and 46.
23
Let l(h) = -4*h**3 - 16*h**2 - 11*h - 63. Let t be l(-5). What is the highest common factor of t and 3818?
46
Let g be (1 - (3 + -1))*12. Let i be 6/27*-3*g. Let k be (-18 - (-912)/52) + (-348)/(-78). Calculate the greatest common factor of k and i.
4
Suppose 0 = -3*l - 3*s - 9 + 198, 4*l = 3*s + 259. Let v be 45/(-10)*l/(-24). Let a = -313 - -445. Calculate the highest common factor of a and v.
12
Suppose 4*j - j + 4*c = 75, -69 = -4*j + 5*c. Let y(s) = s**3 - 21*s**2 + 3*s + 1. Let h be y(j). What is the highest common factor of 8 and h?
8
Suppose 0 = 9*g + 456 - 6450. What is the greatest common factor of g and 296?
74
Let a = 4643 - 4489. What is the highest common divisor of a and 1210?
22
Suppose 58*s - 54*s - 657 = -3*c, 0 = 2*s - 5*c - 335. What is the highest common factor of s and 143?
11
Let h be (3/(3/(-3)))/6*-680. Calculate the highest common factor of 1190 and h.
170
Let l(c) = -c**3 - 13*c**2 + 276*c + 232. Let x be l(-34). Calculate the highest common divisor of x and 76.
76
Let s(f) be the first derivative of 2*f**3 + 9*f**2/2 + 8*f + 191. Let i be s(-1). Calculate the greatest common factor of 215 and i.
5
Let k be -5 + 8 + 1*-1. Let m(u) = -5*u + 207. Let p be m(36). What is the greatest common factor of p and k?
1
Let b be ((-2349)/(-58))/((-6)/16). Suppose -31*t = -37*t + 12. Let k be b/(-42)*84/t. Calculate the greatest common factor of k and 6.
6
Let j(n) = -18*n**3 - 3*n - 7. Suppose -3*o + 3 = 2*f + 13, 4*o = 3*f - 2. Let l be j(o). Calculate the highest common divisor of l and 77.
11
Suppose 0*q + 3*q - 59 = -5*k, 4*q - 52 = -4*k. Let p(h) = h**3 - 6*h**2 + 11*h - 17. Let l be p(k). What is the greatest common factor of l and 17?
17
Let h(y) = y**3 - 35*y**2 + 68*y - 55. Let t be h(33). Let i be 1878/54 - 2/(-9). Suppose -5*z + i = -20. What is the highest common divisor of t and z?
11
Suppose -2*y + 18 + 228 = 0. Let q = y + -33. Let o(x) = x**2 + x - 2. Let m be o(3). What is the greatest common divisor of m and q?
10
Suppose r + 39 = 4*k + 167, -2116 = -16*r - 4*k. Suppose 0 = w + 1 - 13. What is the highest common divisor of r and w?
12
Let a be (-332)/(-5) - 8/20. Let m be -1*(3 - (-15)/(-5)). Suppose c = -5*b + 26, 4 = 2*c - 2*b - m*b. What is the greatest common divisor of c and a?
6
Let j be (8 - 2)/2 + 24. Suppose -h + 0*h = -j. Let c(f) = -7*f - 110. Let y be c(-17). Calculate the greatest common factor of h and y.
9
Suppose 15 = -5*p, 37*v + 3*p = 36*v + 1408. What is the highest common factor of v and 218?
109
Suppose 5*q + 3*p = 3*q + 20, -2*p = -4*q + 8. Suppose r - q = 0, 5*r + 985 = 4*s + s. Calculate the highest common factor of s and 67.
67
Suppose 0 = -j + 4*o + 74, 59 = j - 25*o + 24*o. What is the greatest common divisor of 948 and j?
6
Let y(n) = 12*n**2 + 5*n - 5. Let r be y(4). Let s = -21804 + 21813. What is the highest common factor of r and s?
9
Suppose 28*q - 24*q - 84 = -g, -g + 44 = -q. Calculate the greatest common factor of g and 8099.
13
Suppose -3*x - 4*p - 744 = -7*x, -3*p = -x + 190. Let m = 320 + -638. Let d = -310 - m. What is the greatest common divisor of x and d?
8
Suppose -18*w + 21*w = 0. Let s(d) = d + 5. Let c be s(w). Suppose -c*k + 0*k + 1305 = 0. Calculate the greatest common divisor of 29 and k.
29
Let a(w) = -2*w - 1 + 15*w - 8*w + 22*w**2 - 2. Let u be a(1). What is the greatest common divisor of u and 60?
12
Let b be (1434/(-126) + 12 - 2/6)*70. What is the greatest common divisor of b and 310?
10
Let r = -87 + 91. Let i be ((-5)/10)/(2/(-168)). Suppose f + 5*a + 65 = 6*f, r*f = 2*a + i. Calculate the greatest common factor of f and 88.
8
Suppose 0 = -2*l + 6*v - 8*v + 324, -v = -3. Suppose l - 57 = o. What is the highest common divisor of 17 and o?
17
Let z = -1526 + -1357. Let f = 4147 + z. What is the highest common factor of f and 79?
79
Suppose 7*l = -0*l + 273. Suppose 3*a = 2*n + 4 + l, -4*n - 73 = -5*a. Suppose -5 = 4*v - a. Calculate the greatest common divisor of v and 16.
2
Let v be ((-21)/(-70))/(7/350). What is the highest common divisor of 13890 and v?
15
Let p = -350 - -490. Suppose -16*s = 26*s + 845 - 4541. Suppose 0 = y + 2*c - s, y + y = 5*c + p. Calculate the highest common factor of 10 and y.
10
Suppose -38*o = -33*o + 160. Let d = 64 - o. Let q(m) = -6*m + 186. Let t be q(29). What is the greatest common divisor of d and t?
12
Suppose 6*v + 14*v - 80 = 0. Suppose v*g + 2*f - 246 = 0, -4*g + 125 = 3*f - 116. What is the highest common factor of 80 and g?
16
Let m(a) be the third derivative of -a**6/120 + 11*a**5/60 - 2*a**4/3 + 6*a**3 + 22*a**2 - 2*a. Let z be m(8). What is the greatest common factor of 60 and z?
20
Let s = 550 + -275. Let d = s + -217. What is the highest common factor of 58 and d?
58
Let i = 4613 - 3348. What is the greatest common factor of i and 161?
23
Let g(f) = 6*f**2 - 85*f - 562. Let d be g(-6). Let u = 110 + -69. Calculate the highest common divisor of u and d.
41
Let f(n) = n**3 - 20*n**2 - n - 6. Let h be f(20). Let w be (-7414)/(-26) - (-4)/h - -2. What is the greatest common factor of 41 and w?
41
Suppose 2*u = -u - 3, u = -b. Let k be -1*(b - (-2 + 1)). Let i be 17*(-2 - 6)/k. Calculate the greatest common factor of 17 and i.
17
Let m = -12 + 25. Let g = -442 - -15. Let r = 570 + g. Calculate the greatest common divisor of m and r.
13
Suppose -2*x + 1844 = -7702. What is the greatest common divisor of x and 387?
129
Let v(p) = p**3 - 7*p**2 - 3*p - 2. Let u(m) = 9*m - 91. Let c be u(11). Let r be v(c). What is the highest common divisor of r and 19?
19
Let r be -2*(-4*144 + 13 + 3/1). Calculate the highest common divisor of r and 32.
32
Let p(u) = -u**3 + u**2 + u + 125. Let o be p(0). Let z be (-6)/(-4)*((-37)/555 + 4506/90). Calculate the greatest common factor of o and z.
25
Let m(n) = n**3 + 51*n**2 + 2*n + 34. Let k be m(0). Calculate the highest common divisor of k and 9571.
17
Let w(s) = -122*s + 12734. Let c be w(91). What is the highest common divisor of 768 and c?
96
Let f = 18 - 8. Let b = 108 + 245. Suppose -b - 407 = -19*x. Calculate the greatest common divisor of x and f.
10
Let y be -30*12/36*-1. What is the greatest common divisor of 430 and y?
10
Suppose 3*c - 950 = -2*c. Calculate the highest common divisor of c and 70.
10
Let h = 311 - 295. Let m(d) be the second derivative of 8*d**4/3 - d**3/6 + d**2 + d. Let g be m(2). Calculate the highest common divisor of g and h.
16
Let f = -210 + 560. Suppose -7*o + 1500 = 8*o. Calculate the highest common factor of o and f.
50
Suppose 12*f - 3773 = 12223. What is the highest common factor of f and 93?
31
Let s = -200 + 200. Suppose 4*d = -4*u + 1404, s = -4*u - 1 - 3. Calculate the greatest common divisor of 44 and d.
44
Let n = 14856 + -14790. Let c = 989 - 461. What is the highest common factor of c and n?
66
Let t = -1 + 5. Suppose -15 = -3*m, -k - t*m = 2*k - 26. Suppose 4*x - 168 = 2*c, -3*x + 52 = -k*x - 3*c. Calculate the highest common factor of x and 5.
5
Suppose 24 = -15*h + 24. Suppose -70*j + 73*j - 525 = h. What is the greatest common divisor of j and 28?
7
Let b be 168*(-61)/(1708/(-384)). Calculate the greatest common divisor of 312 and b.
24
Let x(v) = -91*v + 2898. Let d be x(28). Calculate the highest common divisor of d and 7630.
70
Let o(w) = 459*w + 7488. Let m be o(-8). What is the highest common factor of 54 and m?
18
Let d(n) = -4 + 0 + 1 - 12*n. Let b be d(-2). Let w = -272454 + 272622. What is the greatest common divisor of b and w?
21
Let x(a) = 5*a**2 - 75*a + 36. Suppose 2*b - 5*w = 50, b + 18*w = 21*w + 27. Let m be x(b). What is the greatest common factor of 90 and m?
18
Let p = 1815 + -247. Calculate the greatest common factor of p and 32.
32
Suppose 0 = -3*f - 5*m + 496, 8*m + 524 = 3*f + 6*m. Let d = f + -116. Calculate the highest common divisor of d and 7.
7
Let a(h) = -h**3 + 7*h**2 - 8*h + 9. Let r be a(4). Suppose 0 = 8*s - 1449 + 649. Calculate the highest common factor of s and r.
25
Let w be (-2580)/(-1075)*70/4. What is the highest common factor of 5313 and w?
21
Suppose -2*r + 